s**2 + 7*s + 3*s**3 - 14*s**2. Give w(-6).
0
Let m(w) = 362 + w + w**3 - 118 - 4*w**2 - 128 - 119. Let q(v) = v - 2. Let p be q(6). Suppose 0 = 5*d - 4*d - p. What is m(d)?
1
Let u(a) be the first derivative of 1/4*a**4 - 2*a - a**2 - 8 - 1/3*a**3. Give u(-2).
-10
Let k(c) = -c**2 - 3*c + 1. Suppose -9 = -2*a + 4*m + 15, 5 = m. Let b be (-50)/13 - a/143. What is k(b)?
-3
Let z(c) = -3*c - 4 - c - c**2 + 8 - 7. Give z(-6).
-15
Let j(m) = -m. Let a(n) = -3*n + 3. Let k be a(-2). Calculate j(k).
-9
Let v(i) be the third derivative of -i**5/60 + 2*i**4/3 + 29*i**3/6 - 31*i**2 + 2*i. Give v(18).
-7
Let w(n) = n**2 - n + 1. Let o(x) = -x**3. Let q(y) = -o(y) + w(y). Suppose 5*g = 13*g. Give q(g).
1
Let m = 72 - 69. Suppose 2*p + m + 7 = 4*v, 0 = v + 2*p - 10. Let n(y) be the first derivative of -y**4/4 + 5*y**3/3 - 3*y**2/2 - 5*y - 1. Determine n(v).
-1
Let y(d) = 2*d - 6. Suppose -6*f + 10 = -4*b, -4*b + 5*f = 5 + 2. Calculate y(b).
-2
Let j(k) be the third derivative of k**2 - 2/3*k**3 + 7/24*k**4 + 0*k + 1/360*k**6 - 7/120*k**5 + 0. Let r(v) be the first derivative of j(v). Give r(7).
7
Let s(b) be the second derivative of -b**5/20 - b**4/3 - b**3/2 - b**2/2 - 145*b. Let i = 22 + -24. What is s(i)?
-3
Let u be ((-3)/(-10))/(2/(-4))*5. Let s(l) = 3*l - 2. Let x(p) be the third derivative of p**4/8 - p**3/2 - p**2. Let c(j) = -6*s(j) + 5*x(j). Give c(u).
6
Let n(j) = 2*j + 1. Suppose 0 = 3*x + 2*l + 13 + 4, -x + 1 = 2*l. Determine n(x).
-17
Let d(v) = v**2 - 7*v + 7. Let i = 33 + -31. Suppose 3*y + y = -i*q + 14, 0 = 2*y + 4*q + 8. What is d(y)?
1
Let p(c) = 2 - 14 + 5 + 9 + 2*c. Suppose 0 = 2*d - 3*f + 2*f - 32, -5*d + 4*f + 83 = 0. Suppose -3*b + d = -6*b. Determine p(b).
-8
Let a(s) = 4*s**3 + 25*s**2 + 14*s - 15. Let m(z) = z**3 + 8*z**2 + 4*z - 5. Let c(q) = -2*a(q) + 7*m(q). Let t = -16 - -20. Determine c(t).
27
Let d(h) be the first derivative of -h**4/4 - 2*h**3 + 2*h**2 + 7*h + 68. What is d(-6)?
-17
Let k be 31/(-11) - -3 - 13/11. Let q(l) = -l**3 - l. Determine q(k).
2
Let v(t) be the second derivative of t**4/12 + t**3/2 - 3*t**2/2 - t. Suppose 5*h = -3*a + 10, -139*a + 142*a = 4*h - 35. Give v(a).
7
Suppose 4*m - 28 = -2*v - 0*v, -2*v = 3*m - 23. Let s be 0/(m/((-20)/(-4))). Let o(t) = -2*t - 6. Let n be o(s). Let i(c) = -2*c - 6. Give i(n).
6
Let m(w) = 4*w**2 + 52*w. Let n be m(-13). Suppose n = -c + 7*c + 24. Let f(d) = d + 4. Determine f(c).
0
Let n be 2/(-5) + (-8)/5. Let x(z) = 47*z + 2. Let u(s) = 16*s + 1. Let m(l) = 3*u(l) - x(l). What is m(n)?
-1
Suppose 0 = -28*z + 23*z + 30. Let j(k) = 2*k - 5 + 3 + z. Determine j(-3).
-2
Let n(h) = 2*h**3 - h**2 - 4*h + 2. Let q be 22/(-2)*(-11)/11. Let z(x) = 10*x**3 - 6*x**2 - 21*x + 11. Let w(j) = q*n(j) - 2*z(j). Determine w(-2).
-8
Let n = -16 + 11. Let t = n + 7. Let h(o) = -3*o + 1. Give h(t).
-5
Let z(p) = -10*p**3 + 25*p**2 + 28*p - 1. Let g(v) = 3*v**3 - 8*v**2 - 9*v. Let d(j) = 7*g(j) + 2*z(j). Let y = -335 - -236. Let l = -92 - y. Calculate d(l).
-2
Let i(f) = -25*f**2 - 6*f - 7. Let u(b) = -46*b**2 - 11*b - 13. Let p(v) = -7*i(v) + 4*u(v). What is p(-2)?
-35
Let b(i) = 5*i - 2. Suppose -3 = -4*u - 5*z, -u - 5*z - 11 = -23. What is b(u)?
-17
Suppose 5*a = -5*g + 35, -20 = -3*a - g - 5. Let f(s) = -16*s - s**2 + 3*s - a + 6*s. What is f(-7)?
-4
Let r(u) = u**2 - 11*u + 7. Suppose -60*q = -58*q - 22. What is r(q)?
7
Let k be (-9)/7*(19 + 320/(-15)). Let d(n) = n**2 - 6 - n + 0 + 4. Determine d(k).
4
Let z(p) = -13*p**2 - 7*p + 1. Let j(i) = 24*i**2 + 13*i - 3. Let y(g) = -6*j(g) - 11*z(g). Give y(-4).
-5
Suppose m = -2 + 1. Let a(w) be the third derivative of -w**8/10080 + w**6/720 - w**5/30 + 10*w**2. Let s(i) be the third derivative of a(i). Determine s(m).
-1
Let g(t) = 7*t**2 + 7*t - 17. Let m(x) = 3*x**2 + 4*x - 8. Let q be 4*1/6*3. Let b(d) = q*g(d) - 5*m(d). Suppose 1056*v = 1068*v + 60. What is b(v)?
11
Let i(m) = 4*m - 4. Let r(d) = 6*d - 6. Let j(z) = 3*z - 3. Let n(w) = 5*j(w) - 2*r(w). Let q(y) = -4*i(y) + 5*n(y). What is q(-5)?
6
Let s(y) = -250 + 146 + 9*y + 149. Give s(-5).
0
Let m be ((-6)/27 + 0)*(-36)/4. Suppose -7*b - 9 = -m. Let o(c) = -8*c**3 + 1. Determine o(b).
9
Let p(v) = v**2 - 2*v. Let z(d) = 6*d**2 + 17*d - 1. Let r(l) = 2*p(l) - z(l). What is r(-5)?
6
Suppose 0 = -3*v + 103 - 118. Let b(n) = n**3 + 6*n**2 + 6*n - 4. Determine b(v).
-9
Let a(w) = 2 - 3 + 1 + 9 + 5*w. Let h(n) = 6*n + 10. Let v(l) = 7*a(l) - 6*h(l). What is v(3)?
0
Let n(p) = 90*p + 48. Let q(k) = 11*k + 6. Let b(a) = 4*n(a) - 33*q(a). Calculate b(-5).
9
Let p = -1608 - -1615. Let o(j) be the first derivative of -5*j + 7/3*j**3 - 1/4*j**4 + 2 + j**2. Determine o(p).
9
Let k(n) = 3*n**3 + 12*n**2 - 19*n + 4. Let b(a) = -4*a**3 - 12*a**2 + 20*a - 3. Let p(m) = -4*b(m) - 5*k(m). Calculate p(10).
-58
Let t(g) = 3*g. Let x(h) = 3*h - 1. Let c(v) = -3*t(v) + 2*x(v). Calculate c(-2).
4
Let n(c) = -15*c + 4 - 2 - 3. Suppose -27 = -3*s - 24. Suppose 5 = -6*r - s. Calculate n(r).
14
Let x(w) = -17*w**3 - 32*w**2 - 25*w + 45. Let s(a) = 10*a**3 + 16*a**2 + 12*a - 23. Let v(y) = -5*s(y) - 3*x(y). What is v(-15)?
-20
Let k be 114/24 - 9/12. Suppose -k*s = -3*s + 4. Let v(f) = -f**3 - f - 1. Let i(w) = 2*w**3 - 5*w**2 - 2*w - 3. Let z(a) = -i(a) - 3*v(a). Determine z(s).
2
Let w(g) = -6*g - 3. Let l = -31 + 37. Let r(x) = x**2 - x + l + 4 - 9. Let j(p) = -r(p) + w(p). Give j(-3).
2
Suppose f + 21 = 23. Let i(s) = 0*s - 2 + 3*s - 4*s - f*s - s**2. Give i(-4).
-6
Let t(c) = 10*c. Suppose 0 = -22*a + 117*a - 190. Give t(a).
20
Let a be -3 + (-12)/(-3 + (-4)/(-4)). Let x(o) = 167*o**2 + 3 - 170*o**2 - o**a + 5*o + 0*o - 2. Calculate x(-4).
-3
Let y(s) = 2*s - 3. Let j(t) = 7*t**2 + 0*t**2 - 6*t**2 - 5 + 0*t + 6*t. Let b be j(-7). Calculate y(b).
1
Let v(c) = -5*c**2 + c. Let l(b) = -4*b**2. Let d(n) = -4*l(n) + 3*v(n). Let m be (-196)/1862 - (-74)/(-19). Determine d(m).
4
Suppose -3*h + 4*q - 1 = 0, -7*q = 4*h - 4*q + 18. Let w(p) = p**3 - 3*p. Calculate w(h).
-18
Let f(g) = g**2 - 2*g + 1. Let z(i) = i**2 - 2*i + 1. Let o(d) = 3*f(d) - 4*z(d). Suppose 5*u - 10 = 5*r - 0*u, 0 = 3*u - 15. What is o(r)?
-4
Let j(r) = -r - 2. Let l(t) = -15*t**2 - 57*t - 24. Let v(q) = 2*q**2 + 7*q + 3. Let c(i) = -4*l(i) - 33*v(i). Let f be c(-1). Give j(f).
4
Let q = 30 - 27. Suppose q*u + n = 2*n, -3*n = u. Let k(f) = -f + 7. Calculate k(u).
7
Let t(y) be the first derivative of -y**4/4 - y**3/3 + 3*y**2/2 - 2*y + 1. Let r be -17*(-64)/272 + 0 + -2. Give t(r).
-8
Let c(j) = j**2 - j - 1. Let y be c(-2). Suppose -4*r = -3*m + 32, -4*m + r - y*r + 52 = 0. Let v(f) = f - 19. Calculate v(m).
-7
Let b(r) be the third derivative of -r**7/2520 + r**6/240 - 13*r**5/60 - 4*r**2. Let g(l) be the third derivative of b(l). What is g(6)?
-9
Let x(o) = -13*o**2 + 19*o**2 - 18*o**2 - 8*o**2. Let b(q) = -q**3 - q**2 + 4*q + 3. Let c be b(-2). Give x(c).
-20
Let t(x) = 0*x**3 - 8852*x**2 - 9 + 8859*x**2 - 3*x + x**3. Give t(-7).
12
Let f be (-18)/24*1*(-96)/9. Let z(l) = l**3 - 7*l**2 - 8*l + 8. Give z(f).
8
Let v(g) = 5*g + 33. Let h be v(-7). Let m(a) = -a**3 - 2*a**2 - a. Determine m(h).
2
Let x = -15 - -33. Suppose r = -2*r - x. Let c(o) = o**3 + 7*o**2 + 7*o + 9. Determine c(r).
3
Let k be (-3)/(-9)*-12 + (-3 - -1). Let t(v) = -v**2 - 10*v - 17. What is t(k)?
7
Let g(h) = h - 1. Let v = 7 + -2. Let f(y) = -y + 1. Let l(z) = v*g(z) + 6*f(z). Determine l(-2).
3
Let a be 96/(-2)*(40/(-6))/20. Suppose -r + 0*r + 3 = 0. Suppose b = -r*b + a. Let x(l) = l + 1. Calculate x(b).
5
Let l(y) be the second derivative of -y**4/12 + 11*y**3/6 - 131*y. What is l(11)?
0
Let f(c) = -5*c**2 - 5 + c**3 + 4 - 6 - 5*c. Suppose -5*w + 0 - 15 = 0. Let d be (-1)/w + (5 - 10/(-15)). Calculate f(d).
-1
Let g(i) be the first derivative of -3/2*i**2 + 1/3*i**3 - 3*i - 13. Calculate g(5).
7
Suppose -23 = -3*f - 5. Let y be ((-760)/(-57))/(4/f). Let u(v) = 8*v - y*v - 3 + 7*v + 9*v. Calculate u(2).
5
Let t(k) = 2*k + 4. Let o(r) = -5*r - 13. Let y(h) = 3*o(h) + 8*t(h). Let f be y(6). Let x(b) = 6*b - 1. Calculate x(f).
-7
Suppose 5*j = 30 + 5. Let k(v) = -v - 8. Let o(c) = 2*c + 23. Let h(y) = 11*k(y) + 4*o(y). Calculate h(j).
-17
Let r(d) = -d**2 - 5*d + 1. Let s be 0 + (-3)/(-6)*12. Let l(a) = -a. Let c(n) = s*l(n) - r(n). Give c(3).
5
Let j be (-8 - -10)